nder when u is divided by 15?
14
Let v = 0 + 3. Let j be 1 - -3*2/(-6). Suppose -2*p - 14 = -3*a - a, 3*p - 3 = j. Calculate the remainder when a is divided by v.
1
Suppose 0 = 10*m - 6*m - 68. Calculate the remainder when 82 is divided by m.
14
Calculate the remainder when 35 is divided by 8 - (1 + (4 - 6)).
8
Suppose 63 = -4*f + 4*x + 239, -5*f + 188 = 3*x. Let h = -23 - -46. Let m = 37 - h. Calculate the remainder when f is divided by m.
12
Suppose 3*d + 2 - 53 = 0. Let s = 43 + 7. Calculate the remainder when s is divided by d.
16
Let a be (-9)/(-6)*20/6. Suppose 0 = -3*h - 9, 89 = m + m - a*h. What is the remainder when m is divided by 10?
7
Suppose -5*v + 95 + 10 = 0. Calculate the remainder when 38 is divided by v.
17
Suppose 2*o - i = 64, -4*i - i = 5*o - 175. What is the remainder when o is divided by 1/(-1*2/(-24))?
9
Suppose -2*o + 597 = 5*s, 0 = -4*s - o + 124 + 353. What is the remainder when s is divided by 20?
19
Let t = -23 - -28. Let n = 6 - 2. Calculate the remainder when t is divided by n.
1
Suppose -2*b + 4*r = -r - 356, 3*b - 576 = -3*r. Let z = b + -83. Calculate the remainder when z is divided by 36.
33
Let p(g) = -65*g - 20. Let u(t) = 4*t - 4. Calculate the remainder when p(-1) is divided by u(4).
9
Let n(q) = 5*q**3 - q**2 + 2*q - 1. Let y be n(1). Suppose -83 = y*h - 213. Calculate the remainder when h is divided by 7.
5
Let s(h) = h**2 + 6*h + 3. Let r be s(-5). Suppose 2*v - 4*o = 40, 4*v + 7*o = 3*o + 44. Calculate the remainder when v is divided by 6 + (r/(-2))/(-1).
4
Suppose 4*t + 5*c - 204 = 0, -4*t - t + 255 = 5*c. What is the remainder when t is divided by (-11 - (-4 + -6))/((-2)/28)?
9
Let n = 32 - 23. Calculate the remainder when 25 is divided by n.
7
Suppose 0 = 2*y - 4*p, -3*y + 9 = 3*p - 0*p. Suppose -8 = -2*b + y. What is the remainder when 18 is divided by b?
3
Let v = -152 + 189. Calculate the remainder when v is divided by 13.
11
Let h = -68 - -120. Calculate the remainder when h is divided by (-137)/(-5) - 2/5.
25
Let s = 2 + 1. Suppose 5*i - s*i = 8. What is the remainder when 14 is divided by i?
2
Let r be (5 + -2 + -1)*2. Suppose k = r*y - 112 - 54, -4*y + 162 = k. Suppose -72 - 26 = -7*s. What is the remainder when y is divided by s?
13
Suppose -n = 3*i - 10, 0*i + 14 = 5*i + n. Calculate the remainder when 7 is divided by i.
1
Suppose m - 3*a + 377 = 5*m, m = -2*a + 88. What is the remainder when m is divided by 33?
32
Let w(l) = -l**2 + 16*l + 9. What is the remainder when 34 is divided by w(16)?
7
Let r = -211 - -214. Let y(m) = 4*m**2 - 2*m + 1. Calculate the remainder when r is divided by y(1).
0
Let f(z) = -3*z - 6. Let w be f(-4). Suppose l + w = 3*l. Suppose 84 = 2*y - 4*t, -l*y - y + 4*t = -152. Calculate the remainder when y is divided by 12.
10
Let w = -10 - -23. What is the remainder when 24 is divided by w?
11
Suppose 1 = -x + 73. Suppose 3*v = 7*v - x. Calculate the remainder when 71 is divided by v.
17
Let n(s) = -s**3 + 5*s**2 + 3*s + 6. Let t = 14 - 9. Calculate the remainder when n(t) is divided by (-22)/2*(0 + -1).
10
Let g be (-7)/2*(3 + -1). Let s(a) = a**2 + 5*a - 10. Let d be s(g). Calculate the remainder when 16 is divided by (-2 + d)*(-27)/(-6).
7
Let u = 6 - 0. Let s be 18 - (0 - (4 - 1)). What is the remainder when u is divided by 2/7 - (-36)/s?
0
Let f(w) = 2*w**3 - 8*w + 10. What is the remainder when f(4) is divided by 27?
25
Let s(h) = 19*h + 6. What is the remainder when 129 is divided by s(2)?
41
Suppose 6*w = 3*w. Suppose w = -5*n - 4*m + 280, -6*n + n + 280 = -4*m. Calculate the remainder when n is divided by 19.
18
Let j be 6/(((-36)/(-8))/3). Suppose j*x = 5*x + 4*n - 39, 52 = 2*x - 5*n. What is the remainder when x is divided by 11?
9
Suppose -4*o = -7*o + 39. Calculate the remainder when 38 is divided by o.
12
Let r = 131 - 118. Let p = -30 + 54. Calculate the remainder when p is divided by r.
11
Let m be (-2)/14 - (-635)/35. Let l = 22 - m. Calculate the remainder when l is divided by 4.
0
Let g = -7 + 12. What is the remainder when g is divided by (-65)/(-20) + (-2)/8?
2
Suppose -5*w - y + 0*y + 60 = 0, -w = 4*y + 7. Calculate the remainder when 36 is divided by w.
10
Suppose -4*v - 2*h + 3*h = 105, 3*v + 70 = -h. Let t = 48 + v. Calculate the remainder when t is divided by 8.
7
Let w = 42 - 70. Let b = -19 - w. Calculate the remainder when 34 is divided by b.
7
Let c = 10 + 0. Let j = 15 - c. Suppose 4*f + 5*z - 11 = -0*z, -3*f - j*z + 7 = 0. What is the remainder when 11 is divided by f?
3
Let w(k) = 19*k**2 + 2*k + 1. Let n(g) = g + 3. Let i be n(-7). Let a be (-3 + (-26)/(-8))*i. Calculate the remainder when w(a) is divided by 10.
8
Suppose 0 = a + 3*l + 3 - 11, 5*a - 2*l = 40. What is the remainder when a is divided by 5?
3
Suppose -2*u - 11 = -4*h + 1, 9 = -4*u + 5*h. Suppose u*c = 5*o - 321, -c - 12 = 2*c. Calculate the remainder when o is divided by (12/(-8))/((-1)/14).
19
Let d = 57 + -53. What is the remainder when 5 is divided by d?
1
Let n(g) = -g**3 + 3*g**2 + g. Suppose 0 = -4*k - k - 10. Calculate the remainder when 34 is divided by n(k).
16
Suppose -2*n - 3*n = 0. Let c be (1*-3)/((-30)/(-20)). What is the remainder when -1 + c - n - -27 is divided by 13?
11
Let l(y) = 17*y + 41. What is the remainder when l(3) is divided by 32?
28
Suppose -6*r - 66 = -8*r. Calculate the remainder when 55 is divided by r.
22
Suppose -6*m - 4*q = -4*m - 66, -3*q - 3 = 0. What is the remainder when m is divided by 19?
16
Let h(k) = 28*k. Suppose n + 0*n = 5, -n + 35 = 3*b. What is the remainder when h(1) is divided by b?
8
Suppose -i = 4*i + 90. Let g = 3 - i. Calculate the remainder when g is divided by ((-39)/(-3) + -2)*1.
10
Let p = 22 - 17. Suppose 2 = p*q - 2*x - 8, -2*q = -x - 3. Calculate the remainder when 15 is divided by q.
3
Calculate the remainder when 78 is divided by (-2 - -32) + (-24)/8.
24
Suppose -4*o + 60 = o. Let d = 28 + -20. What is the remainder when o is divided by (4/d)/(1/14)?
5
Let b = 2 - 2. Let d = 9 - 5. Suppose b = d*w - 33 - 103. What is the remainder when w is divided by 12?
10
Let s(r) = r**3 - r**2 + 2. Let a be s(0). Suppose a*n + 10 + 8 = 2*f, 12 = 4*f + 2*n. Calculate the remainder when f is divided by 2.
1
Suppose -4*r = -0*r - 44. What is the remainder when 0 - -42 - (0 - 0) is divided by r?
9
Suppose 2*k = -2*k + 48. Calculate the remainder when 43 is divided by k.
7
Suppose -4*p - 3*w + 232 = p, 4*p - 2*w = 168. What is the remainder when p is divided by 28?
16
Suppose -3 = -f - 0, 0 = -4*o - 4*f + 100. What is the remainder when 56 is divided by o?
12
Suppose -8*u - r - 15 = -5*u, -u = 2*r. Suppose -c + 0*c + 2*d = -14, d = -3*c + 35. Calculate the remainder when 16 is divided by c + u - (0 - 0).
4
Suppose -9 = -5*t + 16, -2*u - 1 = -t. Suppose 2*l = 3*c - 112, -c + 3*l = -u*l - 33. Calculate the remainder when c is divided by 20.
18
Let i(h) = 2*h**2 - 12*h + 1. Let u be i(10). Let v = u - 47. What is the remainder when v is divided by 18?
16
Suppose -4*k + 83 = -1. Suppose 20 = 10*g - 90. What is the remainder when k is divided by g?
10
Suppose -5*d = -d - 20. Let g = 9 - d. Calculate the remainder when 11 is divided by g.
3
Let n(x) = -x**3 - 10*x**2 - 10*x. Calculate the remainder when n(-9) is divided by 6.
3
Suppose -3*w + 224 = w. Suppose 0 = 4*u - w + 12. Suppose 0 = -r + 20 + 11. What is the remainder when r is divided by u?
9
Calculate the remainder when (-825)/5*(-3)/9 is divided by 29/(-2)*-2*1.
26
Let x(g) = -g**3 - 5*g**2 - 3*g - 5. Suppose -6 - 9 = 3*n. Calculate the remainder when 28 is divided by x(n).
8
Suppose 2*k - 135 = -5*j - k, 108 = 4*j + 4*k. What is the remainder when 52 is divided by j?
25
Calculate the remainder when (-4)/14 + ((-3676)/14)/(-2) is divided by 15.
11
Let o(j) = 3*j**3 - j**2 - 9*j + 21. What is the remainder when o(4) is divided by 41?
38
Suppose 3*q - 1 = -304. Let f = q - -69. Let x = f + 45. Calculate the remainder when x is divided by 7.
6
Let q be -1 + (-1)/(1/8). Let u = -2 - q. Suppose -3*s + 17 = i, -2*s - 43 = -3*i - u*s. What is the remainder when 31 is divided by i?
9
Suppose 0*c + 7*c - 497 = 0. What is the remainder when c is divided by 20?
11
Let b(t) = t**2 - 3*t + 3. Let s be b(2). Let d be 1 + (-1 - 2) - 92. What is the remainder when d/(-3 + s) + -1 i